*t + 10. Let l be m(6). Suppose -14855 = 5*q - l*q. Suppose -5*s - 27 = -k + 954, 3*k - s = q. Is k prime?
True
Let v be (-8)/(-3) - (-2 + 10/6). Suppose 39228 = 5*a + t - 47472, -2*t = -v*a + 52033. Is a composite?
False
Let u(a) = -2*a**3 - 85*a**2 - 44*a - 64. Let d be u(-42). Suppose 0 = 5*k + 2*m - 6705 + 420, -d = 4*m. Is k a composite number?
False
Let o(r) = -r**3 - 7*r**2 - 8*r + 2. Let v be o(-4). Let k(h) = -8*h**3 + 9*h**2 + 32*h + 1. Is k(v) a prime number?
True
Let i(x) = 30*x**2 - 39*x - 631. Is i(80) prime?
True
Suppose 6*a = -3*b + 491073, b - 163692 = a - 2*a. Is b a composite number?
True
Suppose 23*b - 16298 = -6*b. Let x = b - -93. Is x a composite number?
True
Suppose 0 = 7*g - 2*g + 4*q - 2138859, 2994395 = 7*g - 2*q. Is g a prime number?
False
Let c(w) = -25*w**2 + 35*w - 231. Let v(o) = -13*o**2 + 17*o - 116. Let a(l) = 3*c(l) - 7*v(l). Is a(-17) a prime number?
False
Let n(k) = 129*k**2 + 75*k - 125. Is n(39) prime?
False
Let z(c) = -c**3 - 69*c**2 - 565*c - 154. Is z(-97) a composite number?
False
Let k(g) = -g**2 + 86. Let p be k(-9). Suppose v + n - 3205 = -n, -p*v = 3*n - 16025. Is v a prime number?
False
Suppose j = -4*c + 361682 - 31033, -2*j = -10. Is c composite?
True
Let u = 1660 + -2339. Let k = u + 1826. Is k prime?
False
Let g(u) = -178*u - 1441. Is g(-38) a prime number?
True
Suppose 0*i - 18*i + 26678820 = 42*i. Is i composite?
True
Let r = -29 - -32. Let y(q) = -94*q + 36*q - r + 1 + 3. Is y(-1) composite?
False
Suppose 4*w + 848 = 832. Is ((-853)/w)/((-12)/(-816)) composite?
True
Let w(v) = -v - 1. Let b(d) = 1219*d + 83. Let n(x) = -b(x) - 4*w(x). Is n(-36) a prime number?
True
Let r(p) = -2343*p - 829. Is r(-12) prime?
False
Let j(k) = 1028*k**3 + 9*k - 374*k**3 - 2*k**2 - 1 - 7*k. Let l be j(1). Is l/((-4)/(-8 - -4)) a prime number?
True
Suppose -39*u + 10306412 = 98*u + 35*u. Is u prime?
True
Let r = 1403 - -4995. Suppose 0 = -37*t + 35*t + r. Is t prime?
False
Suppose -4*s + 9*s - 150 = -3*w, 0 = -3*s - 2*w + 90. Let g be (-50478)/(-10) - (-5 - (-144)/s). Suppose 7*u = -u + g. Is u prime?
True
Let p(u) = -3148*u**3 - 11 - 12 - 18*u**2 + 21*u + 3151*u**3. Is p(17) composite?
False
Let y(j) = 39*j**2 + 120*j - 1171. Is y(-36) a composite number?
False
Let j be -1 + 0/((-11)/(55/(-10))). Is (-2*j/4)/(6/28932) a composite number?
False
Suppose -10 - 2 = 3*x. Let h be (4/(-18) - (-644)/144)*x. Let z = 318 + h. Is z a prime number?
False
Let t be 69/15 - (-1)/((-10)/6). Let x = 4 - t. Suppose 3*z + 3*r - 2718 = x, -4*r = -z + 303 + 608. Is z composite?
False
Let v = 61427 - -83000. Is v a prime number?
True
Suppose -2*q + 3*m = -3, -5*q - m - 17 = 18. Is ((1/(-1) - -6) + q)*-2917 a composite number?
False
Let t = 256 - 261. Let x(r) = -39*r + 40. Is x(t) composite?
True
Let n = 78721 - 47154. Is n composite?
False
Let p(y) = -48*y**2 + 13*y + 5. Let m be p(-10). Let b = 7324 + m. Is -4 - ((-5)/((-15)/12) - b) prime?
False
Let w(n) = 457*n + 146. Let q be w(17). Suppose 2*j + 4*k - q = 175, 0 = -j - 5*k + 4039. Is j a prime number?
True
Let m be (-26)/39 - 436/(-6). Let t = 76 - m. Suppose 0 = -i - 3*v + 826, t*v = 5*i - 4570 + 345. Is i composite?
True
Let x be 5/(-1 - (-28)/8). Suppose x*t - 2638 = q, -3*t - 5274 = -7*t + q. Let g = 2303 - t. Is g composite?
True
Let l(c) = -2*c**3 - 25*c**2 - 2*c - 17. Let r(a) = -a**3 - 12*a**2 - a - 9. Let k(b) = -3*l(b) + 7*r(b). Let q be k(-9). Is (-670)/q - 4/12 composite?
False
Let h(t) = -85*t - 624. Is h(-59) prime?
True
Suppose -11*a = 2*a - 68731. Suppose x + 5 = 0, -4*j + 4*x + 1977 = -a. Is j a prime number?
True
Let t = 103562 + -51881. Let o = t - 24848. Is o prime?
True
Let b(m) = -335*m + 26. Let d(i) = 167*i - 13. Let r(q) = 3*b(q) + 7*d(q). Suppose 15*k - 97 + 35 = 28. Is r(k) prime?
True
Suppose 0 = -27*f + 31*f - 4500. Let s = f + -722. Is s prime?
False
Let k be -18 + 15 + 757*461. Suppose 25*n = -18549 + k. Is n composite?
False
Suppose -5*c + 3626 = -2*k + 34849, 4*c - 62376 = -4*k. Is k a prime number?
False
Is (-3)/4*21/(441/(-5136236)) composite?
False
Is 901214/10 + 8/(-20) prime?
True
Let n(c) = -9*c + 0*c**2 + 3*c**3 + 5*c**2 - 2*c**3 + 0*c**3 + 5. Let y be n(-8). Is (-21)/35*(y + 0) a prime number?
False
Let s(o) = 146*o**3 - 6*o**2 - 29*o - 50. Is s(11) a composite number?
True
Let q(m) = 1907*m**2 + 12*m + 56. Is q(-3) prime?
True
Let i = -127302 - -258871. Is i composite?
True
Let o be 10/15*(-2 + 5). Is (-166083)/58*2/(-6)*o a composite number?
True
Suppose a - 3*t - 165 = -4*a, -5*t = 2*a - 66. Let x be (51/(-9))/((-1)/a). Suppose p + x = o, -6*p = -3*o - p + 569. Is o composite?
True
Suppose 15 = k + 36. Let l = k - -26. Suppose 6*v = -l*h + v + 12210, -h + 2443 = 2*v. Is h a prime number?
True
Suppose -42000 = 7*w - 31*w. Suppose 2*m = -14 + 4, -5*h + w = -3*m. Is h a composite number?
False
Suppose 153 = 7*s - 260. Let n = -51 + s. Is (-6)/n + 1 + (-67781)/(-92) composite?
True
Let t(q) = 6*q**3 + 11*q**2 + 12*q + 5. Let r(l) = 5*l**3 + 11*l**2 + 11*l + 5. Let n(m) = -4*r(m) + 3*t(m). Is n(-8) composite?
False
Is (-1910)/(-764) - (92033/(-2) + -2) prime?
True
Let w = 55 + -48. Let d(y) = 17*y**2 + y**2 + w*y - 4*y**2 - 4*y**2 + 16. Is d(9) composite?
True
Let v be 12/(-4) + (34 - 12). Suppose -v*a - 35137 = -123696. Is a prime?
False
Let y(c) be the second derivative of -17*c**3/2 - 41*c**2 + 2*c + 3. Is y(-15) composite?
False
Let k(h) = -42829*h + 2265. Is k(-10) composite?
True
Suppose 67 - 19 = 2*l. Suppose l = -11*c + 3*c. Is (446/(-4))/(c/66) prime?
False
Let q(t) = -11*t + 9. Let w be q(-12). Let o = 572 + -972. Let h = w - o. Is h a prime number?
True
Let a(g) = -g**3 - 12*g**2 - 3*g + 28. Let v be a(-8). Let k = v - -427. Is k composite?
False
Suppose -4*s - 2*w - 2*w + 192 = 0, -3*w + 48 = s. Let y be (2/(-8))/(-4 + 188/s). Suppose -4*g - g - 4*x + 1265 = 0, -3*g + 759 = y*x. Is g a prime number?
False
Is 2044110/(-50)*40/(-24) composite?
True
Let c(d) = -141641*d + 45. Let n be c(-3). Is (4/6)/(((-128)/n)/(-8)) prime?
True
Let u(z) = 144*z**2 + 40*z + 43. Suppose 28 - 88 = 3*s. Is u(s) prime?
True
Suppose -y - l + 680 = 0, y + 4*y + l = 3416. Let a be (-2)/10 - 3648/(-40). Let z = y - a. Is z composite?
False
Let c(h) = -89*h + 87. Let l(z) = 5*z - 39. Let a be l(7). Is c(a) prime?
True
Suppose v - 92 = -4*n - 23, -60 = -3*n + 2*v. Suppose -4*y + y = 15, -o + y = -n. Let f(x) = 17*x - 20. Is f(o) composite?
True
Let o = 20 - 15. Suppose o*s - 6*s = -12. Let y(l) = 17*l + 43. Is y(s) composite?
True
Is (2407688/16 - -19)*(-4)/(-6) prime?
True
Let s be (1718/4)/((-1)/(-10)). Suppose -15*w - 290 = -s. Is w prime?
False
Let m(g) = 2*g**2 - 35*g - 18. Let z be m(18). Let b be (-5 - (-4 + z)) + -2. Is 307/(2/(b + 5)) a prime number?
True
Let d = 4093899 - 2435222. Is d composite?
True
Suppose -5*z + 134 = -66. Let n be (-1)/4 - (-850)/z. Is n + (-1)/((-1)/(-2)) composite?
False
Suppose -6*d = 4*d. Suppose d*r + 5*r - 20 = 0. Suppose 0*z + 2*z = 3*m - 47, 91 = r*m + 3*z. Is m prime?
True
Suppose 119496 = 2*p - k, 0 = 22*p - 18*p + 2*k - 239000. Is p composite?
True
Let n = -445066 - -632973. Is n composite?
False
Suppose -275789 = -22*n + 144873. Is n prime?
True
Let i(r) = -2*r + 17. Suppose -4*f + 26 = 5*g, 3*f - f - 24 = 3*g. Let d be i(f). Is (-6)/(-6 + 0)*(d + 480) a composite number?
False
Suppose -1133*h = -1150*h + 9610423. Is h composite?
False
Let v = 1087 + -612. Suppose 5*x - v = -5*i, 12*i - 4*x - 202 = 10*i. Is i composite?
False
Let l(o) = o**3 + o**2. Let w be l(0). Let m(b) = -16*b + 3643. Is m(w) a composite number?
False
Suppose -3*w + g - 67 = -4*g, 3*g = -3. Let m = 37 + -31. Is m/(-8) + (-3066)/w prime?
True
Let p = 8146 + 1167. Is p composite?
True
Suppose l - 4*w - 49677 = 0, 86 = -w + 93. Is l a prime number?
False
Suppose 694569 = 63*i - 4162038. Is i a prime number?
False
Let d(b) = 15*b**2 - 22*b - 10. Let p be d(-5). Let o = -386 + p. Is o composite?
False
Let i = -1376 + 3087. Is i composite?
True
Let w(t) = 11*t**2 - 14*t + 1697. Is w(61) prime?
False
Suppose 0 = 6*y - 7*y + 5*f - 19, 4*f - 2 = 3*y. Let x(h) = 3*h - 15. Let s be x(y). Is ((-5)/(-15))/(s/711) prime?
True
Suppose -249*r + 41146 = -235*r. Is r a composite number?
False
Let b(i) = -i**3 - 11*i**2 + 52*i - 50. Let n be b(-16). Le